{"id":341,"date":"2022-03-02T16:51:44","date_gmt":"2022-03-02T15:51:44","guid":{"rendered":"https:\/\/mslv.org\/?page_id=341"},"modified":"2024-06-19T19:25:55","modified_gmt":"2024-06-19T17:25:55","slug":"les-concerts","status":"publish","type":"page","link":"https:\/\/mslv.org\/index.php\/les-concerts\/","title":{"rendered":"Les concerts"},"content":{"rendered":"\n<h3 class=\"wp-block-heading has-text-align-center\">Les concerts de 2021, \u00ab\u00a0Echapp\u00e9es musicales dans l\u2019Yonne\u00a0\u00bb<\/h3>\n\n\n\n<figure class=\"wp-block-image size-full is-resized\"><img loading=\"lazy\" decoding=\"async\" src=\"https:\/\/mslv.org\/wp-content\/uploads\/2023\/07\/Programa-2021-1.png\" alt=\"\" class=\"wp-image-667\" width=\"790\" height=\"1168\" srcset=\"https:\/\/mslv.org\/wp-content\/uploads\/2023\/07\/Programa-2021-1.png 529w, https:\/\/mslv.org\/wp-content\/uploads\/2023\/07\/Programa-2021-1-203x300.png 203w, https:\/\/mslv.org\/wp-content\/uploads\/2023\/07\/Programa-2021-1-230x340.png 230w, https:\/\/mslv.org\/wp-content\/uploads\/2023\/07\/Programa-2021-1-350x517.png 350w, https:\/\/mslv.org\/wp-content\/uploads\/2023\/07\/Programa-2021-1-480x710.png 480w\" sizes=\"auto, (max-width: 790px) 100vw, 790px\" \/><\/figure>\n\n\n\n<p>\u00c9GLISE DE QUARR\u00c9-LES-TOMBES, 16 juillet 2021 &#8211; 18h. <strong>Quatuor Yako,<\/strong> r\u00e9sident de ProQuartet-CEMC.<\/p>\n\n\n\n<p>\u0152uvres de J. S. Bach, H. Purcell et A. Piazzolla. <\/p>\n\n\n\n<figure class=\"wp-block-image aligncenter size-full is-resized\"><img loading=\"lazy\" decoding=\"async\" src=\"https:\/\/mslv.org\/wp-content\/uploads\/2022\/03\/QuatourYaco-edited.jpg\" alt=\"\" class=\"wp-image-343\" width=\"780\" height=\"439\" srcset=\"https:\/\/mslv.org\/wp-content\/uploads\/2022\/03\/QuatourYaco-edited.jpg 480w, https:\/\/mslv.org\/wp-content\/uploads\/2022\/03\/QuatourYaco-edited-300x169.jpg 300w, https:\/\/mslv.org\/wp-content\/uploads\/2022\/03\/QuatourYaco-edited-230x129.jpg 230w, https:\/\/mslv.org\/wp-content\/uploads\/2022\/03\/QuatourYaco-edited-350x197.jpg 350w\" sizes=\"auto, (max-width: 780px) 100vw, 780px\" \/><figcaption class=\"wp-element-caption\"><strong>Quatuor Yako<\/strong>.<\/figcaption><\/figure>\n\n\n\n<p>ABBAYE DE LA PIERRE-QUI-VIRE, 17 juillet 2021 &#8211; 16h30. <strong>Jean-Marc Leblanc<\/strong>, titulaire des grands orgues historiques de St-Merry et de St-Thomas d\u2019Aquin de Paris.<\/p>\n\n\n\n<p>\u0152uvres de J. S. Bach. <em>Concert en partenariat avec l\u2019Abbaye de la Pierre-Qui-Vire.<\/em><\/p>\n\n\n\n<figure class=\"wp-block-image aligncenter size-large is-resized\"><img loading=\"lazy\" decoding=\"async\" src=\"https:\/\/mslv.org\/wp-content\/uploads\/2022\/03\/IMG_7139-edited.jpg\" alt=\"\" class=\"wp-image-344\" width=\"782\" height=\"439\" srcset=\"https:\/\/mslv.org\/wp-content\/uploads\/2022\/03\/IMG_7139-edited.jpg 1679w, https:\/\/mslv.org\/wp-content\/uploads\/2022\/03\/IMG_7139-edited-300x169.jpg 300w, https:\/\/mslv.org\/wp-content\/uploads\/2022\/03\/IMG_7139-edited-1024x576.jpg 1024w, https:\/\/mslv.org\/wp-content\/uploads\/2022\/03\/IMG_7139-edited-768x432.jpg 768w, https:\/\/mslv.org\/wp-content\/uploads\/2022\/03\/IMG_7139-edited-1536x865.jpg 1536w, https:\/\/mslv.org\/wp-content\/uploads\/2022\/03\/IMG_7139-edited-920x518.jpg 920w, https:\/\/mslv.org\/wp-content\/uploads\/2022\/03\/IMG_7139-edited-230x129.jpg 230w, https:\/\/mslv.org\/wp-content\/uploads\/2022\/03\/IMG_7139-edited-350x197.jpg 350w, https:\/\/mslv.org\/wp-content\/uploads\/2022\/03\/IMG_7139-edited-480x270.jpg 480w\" sizes=\"auto, (max-width: 782px) 100vw, 782px\" \/><figcaption class=\"wp-element-caption\"><strong>Jean-Marc Leblanc<\/strong> a l&rsquo;orgue.<\/figcaption><\/figure>\n\n\n\n<p>\u00c9GLISE DE SAINT-L\u00c9GER-VAUBAN, 18 juillet 2021- 17h. <strong>Quatuor Wassily,<\/strong> r\u00e9sident de ProQuartet-CEMC.<\/p>\n\n\n\n<p>\u0152uvres de J. S .Bach, W. A. Mozart et R. Schumann.<\/p>\n\n\n\n<figure class=\"wp-block-image size-large\"><img loading=\"lazy\" decoding=\"async\" width=\"2560\" height=\"1439\" src=\"https:\/\/mslv.org\/wp-content\/uploads\/2022\/03\/20210718_175306-edited-scaled.jpg\" alt=\"\" class=\"wp-image-346\" srcset=\"https:\/\/mslv.org\/wp-content\/uploads\/2022\/03\/20210718_175306-edited-scaled.jpg 2560w, https:\/\/mslv.org\/wp-content\/uploads\/2022\/03\/20210718_175306-edited-300x169.jpg 300w, https:\/\/mslv.org\/wp-content\/uploads\/2022\/03\/20210718_175306-edited-1024x575.jpg 1024w, https:\/\/mslv.org\/wp-content\/uploads\/2022\/03\/20210718_175306-edited-768x432.jpg 768w, https:\/\/mslv.org\/wp-content\/uploads\/2022\/03\/20210718_175306-edited-1536x863.jpg 1536w, https:\/\/mslv.org\/wp-content\/uploads\/2022\/03\/20210718_175306-edited-2048x1151.jpg 2048w, https:\/\/mslv.org\/wp-content\/uploads\/2022\/03\/20210718_175306-edited-920x517.jpg 920w, https:\/\/mslv.org\/wp-content\/uploads\/2022\/03\/20210718_175306-edited-230x129.jpg 230w, https:\/\/mslv.org\/wp-content\/uploads\/2022\/03\/20210718_175306-edited-350x197.jpg 350w, https:\/\/mslv.org\/wp-content\/uploads\/2022\/03\/20210718_175306-edited-480x270.jpg 480w\" sizes=\"auto, (max-width: 2560px) 100vw, 2560px\" \/><figcaption class=\"wp-element-caption\"><strong>Quatuor Wassily<\/strong>.<\/figcaption><\/figure>\n\n\n\n<h3 class=\"wp-block-heading has-text-align-center\">Les concerts de 2022, \u00ab\u00a0Musique au temps de Vauban\u00a0\u00bb<\/h3>\n\n\n\n<figure class=\"wp-block-image size-full is-resized\"><img loading=\"lazy\" decoding=\"async\" src=\"https:\/\/mslv.org\/wp-content\/uploads\/2023\/07\/Programa-2022.png\" alt=\"\" class=\"wp-image-664\" width=\"790\" height=\"1134\" srcset=\"https:\/\/mslv.org\/wp-content\/uploads\/2023\/07\/Programa-2022.png 551w, https:\/\/mslv.org\/wp-content\/uploads\/2023\/07\/Programa-2022-209x300.png 209w, https:\/\/mslv.org\/wp-content\/uploads\/2023\/07\/Programa-2022-230x330.png 230w, https:\/\/mslv.org\/wp-content\/uploads\/2023\/07\/Programa-2022-350x502.png 350w, https:\/\/mslv.org\/wp-content\/uploads\/2023\/07\/Programa-2022-480x689.png 480w\" sizes=\"auto, (max-width: 790px) 100vw, 790px\" \/><\/figure>\n\n\n\n<h2 class=\"wp-block-heading has-text-align-center\">Quatuor Wassily <\/h2>\n\n\n\n<figure class=\"wp-block-image size-large\"><img loading=\"lazy\" decoding=\"async\" width=\"1024\" height=\"745\" src=\"https:\/\/mslv.org\/wp-content\/uploads\/2023\/05\/WhatsApp-Image-2023-05-18-at-12.19.14-1024x745.jpeg\" alt=\"\" class=\"wp-image-587\" srcset=\"https:\/\/mslv.org\/wp-content\/uploads\/2023\/05\/WhatsApp-Image-2023-05-18-at-12.19.14-1024x745.jpeg 1024w, https:\/\/mslv.org\/wp-content\/uploads\/2023\/05\/WhatsApp-Image-2023-05-18-at-12.19.14-300x218.jpeg 300w, https:\/\/mslv.org\/wp-content\/uploads\/2023\/05\/WhatsApp-Image-2023-05-18-at-12.19.14-768x559.jpeg 768w, https:\/\/mslv.org\/wp-content\/uploads\/2023\/05\/WhatsApp-Image-2023-05-18-at-12.19.14-1536x1117.jpeg 1536w, https:\/\/mslv.org\/wp-content\/uploads\/2023\/05\/WhatsApp-Image-2023-05-18-at-12.19.14-1000x728.jpeg 1000w, https:\/\/mslv.org\/wp-content\/uploads\/2023\/05\/WhatsApp-Image-2023-05-18-at-12.19.14-550x400.jpeg 550w, https:\/\/mslv.org\/wp-content\/uploads\/2023\/05\/WhatsApp-Image-2023-05-18-at-12.19.14-230x167.jpeg 230w, https:\/\/mslv.org\/wp-content\/uploads\/2023\/05\/WhatsApp-Image-2023-05-18-at-12.19.14-350x255.jpeg 350w, https:\/\/mslv.org\/wp-content\/uploads\/2023\/05\/WhatsApp-Image-2023-05-18-at-12.19.14-480x349.jpeg 480w, https:\/\/mslv.org\/wp-content\/uploads\/2023\/05\/WhatsApp-Image-2023-05-18-at-12.19.14.jpeg 1600w\" sizes=\"auto, (max-width: 1024px) 100vw, 1024px\" \/><\/figure>\n\n\n\n<p><strong>Johann Sebastian Bach<\/strong> (1685-1750)<\/p>\n\n\n\n<p>Choral Bin ich gleich extrait de la passion selon Saint Matthieu<\/p>\n\n\n\n<p><strong>Henry Purcell<\/strong> (1659-1695)<\/p>\n\n\n\n<p>Fantaisie pour violes z742<\/p>\n\n\n\n<p><strong>Fran\u00e7ois Couperin<\/strong><\/p>\n\n\n\n<p>La Sultane<\/p>\n\n\n\n<p><strong>Joseph Haydn<\/strong> (1732-1809)<\/p>\n\n\n\n<p>Quatuor op.76 n\u00b03, dit l\u2019Empereur<\/p>\n\n\n\n<p><strong>Henry Purcell<\/strong><\/p>\n\n\n\n<p>Fantaisie pour violes z 738<\/p>\n\n\n\n<p>Fantaisie pour violes z743<\/p>\n\n\n\n<p><strong>Johann Sebastian Bach<\/strong><br>Choral Christus, der uns selig macht extrait de la passion selon Saint-Jean<\/p>\n\n\n\n<h5 class=\"wp-block-heading\"><strong>Quatuor Wassily<\/strong><\/h5>\n\n\n\n<p><strong>Vincent Forestier, Marine Faup-Pelot<\/strong>, violons<br><strong>Cl\u00e9ment Hoareau<\/strong>, alto<br><strong>Rapha\u00ebl Ginzburg<\/strong>, violoncelle <\/p>\n\n\n\n<p><a href=\"https:\/\/www.quatuorwassily.com\/.\" target=\"_blank\" rel=\"noreferrer noopener\">https:\/\/www.quatuorwassily.com\/. <\/a><\/p>\n\n\n\n<h2 class=\"wp-block-heading has-text-align-center\"><strong>La R\u00eaveuse<\/strong>. <strong>Les Voix <\/strong>Humaines <\/h2>\n\n\n\n<figure class=\"wp-block-image size-full\"><img loading=\"lazy\" decoding=\"async\" width=\"480\" height=\"480\" src=\"https:\/\/mslv.org\/wp-content\/uploads\/2023\/05\/Ensemble-La-Reveuse.jpg\" alt=\"\" class=\"wp-image-589\" srcset=\"https:\/\/mslv.org\/wp-content\/uploads\/2023\/05\/Ensemble-La-Reveuse.jpg 480w, https:\/\/mslv.org\/wp-content\/uploads\/2023\/05\/Ensemble-La-Reveuse-300x300.jpg 300w, https:\/\/mslv.org\/wp-content\/uploads\/2023\/05\/Ensemble-La-Reveuse-150x150.jpg 150w, https:\/\/mslv.org\/wp-content\/uploads\/2023\/05\/Ensemble-La-Reveuse-230x230.jpg 230w, https:\/\/mslv.org\/wp-content\/uploads\/2023\/05\/Ensemble-La-Reveuse-350x350.jpg 350w\" sizes=\"auto, (max-width: 480px) 100vw, 480px\" \/><\/figure>\n\n\n\n<p><strong>Marin Marais (1656-1728)<\/strong><\/p>\n\n\n\n<p>Suite en r\u00e9 du deuxi\u00e8me livre. Pr\u00e9lude en r\u00e9 mineur, Fantaisie luth\u00e9e, Les Voix humaines, Ballet en rondeau. <\/p>\n\n\n\n<p><strong>Marin Marais<\/strong><\/p>\n\n\n\n<p>Tombeau pour Monsieur de Lully<\/p>\n\n\n\n<p><strong>Robert de Vis\u00e9e (v. 1650 \u2013 apr\u00e8s 1732)<\/strong><\/p>\n\n\n\n<p>Suite pour th\u00e9orbe en la mineur Pr\u00e9lude, Allemande, Sarabande, Chaconne.<\/p>\n\n\n\n<p><strong>Marin Marais<\/strong><\/p>\n\n\n\n<p>La R\u00eaveuse. La Proven\u00e7ale.<\/p>\n\n\n\n<p><strong>Robert de Vis\u00e9e<\/strong><\/p>\n\n\n\n<p>Chaconne pour th\u00e9orbe en sol majeur<\/p>\n\n\n\n<p><strong>Marin Marais<\/strong><\/p>\n\n\n\n<p>Folies d\u2019Espagne<\/p>\n\n\n\n<h5 class=\"wp-block-heading\">Ensemble La R\u00eaveuse<\/h5>\n\n\n\n<p><strong>Florence Bolton<\/strong>, basse de viole; <strong>Benjamin Perrot<\/strong>, th\u00e9orbe. <\/p>\n\n\n\n<p><a href=\"http:\/\/www.ensemblelareveuse.com\/\" target=\"_blank\" rel=\"noreferrer noopener\">www.ensemblelareveuse.com<\/a><\/p>\n\n\n\n<h2 class=\"wp-block-heading has-text-align-center\"><strong>Duo Smaragdi<\/strong>. <em><em>Les airs de cour et les airs \u00e0 boire fran\u00e7ais.<\/em><\/em><\/h2>\n\n\n\n<figure class=\"wp-block-image size-full\"><img loading=\"lazy\" decoding=\"async\" width=\"800\" height=\"600\" src=\"https:\/\/mslv.org\/wp-content\/uploads\/2023\/05\/WhatsApp-Image-2023-05-18-at-12.19.06.jpeg\" alt=\"\" class=\"wp-image-590\" srcset=\"https:\/\/mslv.org\/wp-content\/uploads\/2023\/05\/WhatsApp-Image-2023-05-18-at-12.19.06.jpeg 800w, https:\/\/mslv.org\/wp-content\/uploads\/2023\/05\/WhatsApp-Image-2023-05-18-at-12.19.06-300x225.jpeg 300w, https:\/\/mslv.org\/wp-content\/uploads\/2023\/05\/WhatsApp-Image-2023-05-18-at-12.19.06-768x576.jpeg 768w, https:\/\/mslv.org\/wp-content\/uploads\/2023\/05\/WhatsApp-Image-2023-05-18-at-12.19.06-230x173.jpeg 230w, https:\/\/mslv.org\/wp-content\/uploads\/2023\/05\/WhatsApp-Image-2023-05-18-at-12.19.06-350x263.jpeg 350w, https:\/\/mslv.org\/wp-content\/uploads\/2023\/05\/WhatsApp-Image-2023-05-18-at-12.19.06-480x360.jpeg 480w\" sizes=\"auto, (max-width: 800px) 100vw, 800px\" \/><\/figure>\n\n\n\n<p><strong>Michel Lambert (1610-1696)<\/strong><\/p>\n\n\n\n<p><em>D&rsquo;un feu secret<\/em><\/p>\n\n\n\n<p><strong>Jacques Le F\u00e8vre, dates non connues<\/strong><\/p>\n\n\n\n<p><em>N&#8217;emprisonn\u00e9s pas je vous prie<\/em><\/p>\n\n\n\n<p><strong>Jean-Baptiste De Bousset (1662-1725)<\/strong><\/p>\n\n\n\n<p><em>Rossignol<\/em><\/p>\n\n\n\n<p><strong>Anonyme<\/strong><\/p>\n\n\n\n<p><em>J&rsquo;avais cru qu&rsquo;en vous aymant<\/em><\/p>\n\n\n\n<p><strong>Antoine Boesset (1587-1643)<\/strong><\/p>\n\n\n\n<p><em>Objet dont les charmes si doux<\/em><\/p>\n\n\n\n<p><strong>Pierre Ballard (1580-1639)<\/strong><\/p>\n\n\n\n<p><em>Jean cette nuit<\/em><\/p>\n\n\n\n<p><strong>Robert Ballard (v. 1610-1672)<\/strong><\/p>\n\n\n\n<p><em>Voicy venir l&rsquo;orgueilleuse<\/em><\/p>\n\n\n\n<p><strong>\u00c9tienne Moulini\u00e9 (1599-1669)<\/strong><\/p>\n\n\n\n<p><em>Paisible et t\u00e9n\u00e9breuse nuit<\/em><\/p>\n\n\n\n<p><strong>Robert Ballard (v. 1610-1672)<\/strong><\/p>\n\n\n\n<p><em>Pleurez mes yeux<\/em><\/p>\n\n\n\n<p><strong>Robert Ballard (v. 1610-1672)<\/strong><\/p>\n\n\n\n<p><em>J&rsquo;ayme de tout mon c\u0153ur<\/em><\/p>\n\n\n\n<p><strong>\u00c9tienne Moulini\u00e9 (1599-1669)<\/strong><\/p>\n\n\n\n<p><em>Amis enivrons nous<\/em><\/p>\n\n\n\n<p><strong>Robert Ballard (v. 1610-1672)<\/strong><\/p>\n\n\n\n<p><em>Cher amy<\/em><\/p>\n\n\n\n<p><strong>Jean-Baptiste De Bousset (1662-1725)<\/strong><\/p>\n\n\n\n<p><em>Air pour un papillon sur un bouquet<\/em><\/p>\n\n\n\n<p><strong>Robert Ballard (v. 1610-1672)<\/strong><\/p>\n\n\n\n<p><em>Tout en est beau<\/em><\/p>\n\n\n\n<p><strong>\u00c9tienne Moulini\u00e9 (1599-1669)<\/strong><\/p>\n\n\n\n<p><em>Consert de diff\u00e9rents oyseaux<\/em><\/p>\n\n\n\n<h5 class=\"wp-block-heading\"><strong>Duo Smaragdi<\/strong><\/h5>\n\n\n\n<p><strong>Cl\u00e9mence Carry,<\/strong> chant et nyckelharpa<\/p>\n\n\n\n<p><strong>L\u00e9a Masson<\/strong>, th\u00e9orbe<\/p>\n\n\n\n<p><a href=\"http:\/\/www.clemencecarry.com\/\" target=\"_blank\" rel=\"noreferrer noopener\">http:\/\/www.clemencecarry.com\/<\/a><\/p>\n\n\n\n<h2 class=\"wp-block-heading has-text-align-center\"><strong><strong>Lionel AVOT, orgue<\/strong><\/strong>.<\/h2>\n\n\n\n<p class=\"has-text-align-center\">(en remplacement de Pascal Ianco)<\/p>\n\n\n\n<figure class=\"wp-block-image size-large\"><img loading=\"lazy\" decoding=\"async\" width=\"1024\" height=\"681\" src=\"https:\/\/mslv.org\/wp-content\/uploads\/2023\/05\/WhatsApp-Image-2023-05-18-at-12.19.141-1024x681.jpeg\" alt=\"\" class=\"wp-image-591\" srcset=\"https:\/\/mslv.org\/wp-content\/uploads\/2023\/05\/WhatsApp-Image-2023-05-18-at-12.19.141-1024x681.jpeg 1024w, https:\/\/mslv.org\/wp-content\/uploads\/2023\/05\/WhatsApp-Image-2023-05-18-at-12.19.141-300x200.jpeg 300w, https:\/\/mslv.org\/wp-content\/uploads\/2023\/05\/WhatsApp-Image-2023-05-18-at-12.19.141-768x511.jpeg 768w, https:\/\/mslv.org\/wp-content\/uploads\/2023\/05\/WhatsApp-Image-2023-05-18-at-12.19.141-1536x1021.jpeg 1536w, https:\/\/mslv.org\/wp-content\/uploads\/2023\/05\/WhatsApp-Image-2023-05-18-at-12.19.141-1000x665.jpeg 1000w, https:\/\/mslv.org\/wp-content\/uploads\/2023\/05\/WhatsApp-Image-2023-05-18-at-12.19.141-230x153.jpeg 230w, https:\/\/mslv.org\/wp-content\/uploads\/2023\/05\/WhatsApp-Image-2023-05-18-at-12.19.141-350x233.jpeg 350w, https:\/\/mslv.org\/wp-content\/uploads\/2023\/05\/WhatsApp-Image-2023-05-18-at-12.19.141-480x319.jpeg 480w, https:\/\/mslv.org\/wp-content\/uploads\/2023\/05\/WhatsApp-Image-2023-05-18-at-12.19.141.jpeg 1600w\" sizes=\"auto, (max-width: 1024px) 100vw, 1024px\" \/><\/figure>\n\n\n\n<p><strong>Nikolaus Bruhns&nbsp;<\/strong>(1665-1697)<\/p>\n\n\n\n<p>Grand Praeludium en mi mineur<\/p>\n\n\n\n<p><strong>Johann Sebastian Bach&nbsp;<\/strong>(1685-1750)<\/p>\n\n\n\n<p>\u00ab\u00a0Erbarm&rsquo; dich mein\u00a0\u00bb BWV 721&nbsp;<\/p>\n\n\n\n<p><strong>Louis-Nicolas Cl\u00e9rambault&nbsp;<\/strong>(1676-1749)<\/p>\n\n\n\n<p>Suite du deuxi\u00e8me ton (extraits)<\/p>\n\n\n\n<p>Plein jeu \/ Duo \/ Trio \/ Basse de cromorne \/&nbsp;Caprice sur les grands jeux<\/p>\n\n\n\n<p><strong>Christophe Marchand&nbsp;<\/strong>(n\u00e9 en 1972)<\/p>\n\n\n\n<p>\u00ab\u00a0Le Songe de Jan Pieterszoon Sweelinck\u00a0\u00bb&nbsp;&nbsp;(extraits)<\/p>\n\n\n\n<p><strong>Pi\u00e8ces de C. Marchand en alternance avec des pi\u00e8ces de J.P. Sweelinck <\/strong>(1562 \u2013 1621)<\/p>\n\n\n\n<p>&#8211; Fantasia (C. Marchand)<\/p>\n\n\n\n<p>&#8211; Choral Durch Adams Fall ist ganz verderbt, verset 1 (J.P. Sweelinck)<\/p>\n\n\n\n<p>&#8211; Versus sur Durch Adams Fall ist ganz verderbt&nbsp;(C. Marchand)&nbsp;<\/p>\n\n\n\n<p>&#8211; Choral Durch Adams Fall ist ganz verderbt, verset 2 (J.P. Sweelinck)<\/p>\n\n\n\n<p><strong>Georg Muffat<\/strong>&nbsp;(1653-1704)<\/p>\n\n\n\n<p>Toccata septima&nbsp;<\/p>\n\n\n\n<p><strong>Johann Sebastian Bach<\/strong><\/p>\n\n\n\n<p>\u00ab\u00a0An Wasserfl\u00fcssen Babylon\u00a0\u00bb BWV&nbsp; 653&nbsp;<\/p>\n\n\n\n<p><strong>Louis Marchand<\/strong>&nbsp;(1669-1732)<\/p>\n\n\n\n<p>Grand dialogue du 3<sup>\u00e8me<\/sup>&nbsp;livre&nbsp;<\/p>\n\n\n\n<p><strong><a rel=\"noreferrer noopener\" href=\"https:\/\/www.musicalta.com\/en\/project\/lionel-avot\/\" data-type=\"URL\" data-id=\"https:\/\/www.musicalta.com\/en\/project\/lionel-avot\/\" target=\"_blank\">Lionel Avot<\/a><\/strong><\/p>\n\n\n\n<p><\/p>\n\n\n\n<h3 class=\"wp-block-heading has-text-align-center\">Les concerts de 2023, \u00ab&nbsp;Barocco&#8230; ma non troppo&nbsp;\u00bb<\/h3>\n\n\n\n<figure class=\"wp-block-image size-large\"><img loading=\"lazy\" decoding=\"async\" width=\"1024\" height=\"768\" src=\"https:\/\/mslv.org\/wp-content\/uploads\/2024\/06\/Flyer_vertical_04_frente_page-0001-1024x768.jpg\" alt=\"\" class=\"wp-image-714\" srcset=\"https:\/\/mslv.org\/wp-content\/uploads\/2024\/06\/Flyer_vertical_04_frente_page-0001-1024x768.jpg 1024w, https:\/\/mslv.org\/wp-content\/uploads\/2024\/06\/Flyer_vertical_04_frente_page-0001-300x225.jpg 300w, https:\/\/mslv.org\/wp-content\/uploads\/2024\/06\/Flyer_vertical_04_frente_page-0001-768x576.jpg 768w, https:\/\/mslv.org\/wp-content\/uploads\/2024\/06\/Flyer_vertical_04_frente_page-0001-1536x1152.jpg 1536w, https:\/\/mslv.org\/wp-content\/uploads\/2024\/06\/Flyer_vertical_04_frente_page-0001-2048x1536.jpg 2048w, https:\/\/mslv.org\/wp-content\/uploads\/2024\/06\/Flyer_vertical_04_frente_page-0001-1000x750.jpg 1000w, https:\/\/mslv.org\/wp-content\/uploads\/2024\/06\/Flyer_vertical_04_frente_page-0001-230x173.jpg 230w, https:\/\/mslv.org\/wp-content\/uploads\/2024\/06\/Flyer_vertical_04_frente_page-0001-350x263.jpg 350w, https:\/\/mslv.org\/wp-content\/uploads\/2024\/06\/Flyer_vertical_04_frente_page-0001-480x360.jpg 480w\" sizes=\"auto, (max-width: 1024px) 100vw, 1024px\" \/><\/figure>\n\n\n\n<h4 class=\"wp-block-heading\">Les F\u00e2cheuses, Clara Fellmann et Pauline Chiama, violes de gambe.<\/h4>\n\n\n\n<figure class=\"wp-block-image size-full\"><img loading=\"lazy\" decoding=\"async\" width=\"824\" height=\"621\" src=\"https:\/\/mslv.org\/wp-content\/uploads\/2023\/07\/Les-Facheuses.png\" alt=\"\" class=\"wp-image-639\" srcset=\"https:\/\/mslv.org\/wp-content\/uploads\/2023\/07\/Les-Facheuses.png 824w, https:\/\/mslv.org\/wp-content\/uploads\/2023\/07\/Les-Facheuses-300x226.png 300w, https:\/\/mslv.org\/wp-content\/uploads\/2023\/07\/Les-Facheuses-768x579.png 768w, https:\/\/mslv.org\/wp-content\/uploads\/2023\/07\/Les-Facheuses-230x173.png 230w, https:\/\/mslv.org\/wp-content\/uploads\/2023\/07\/Les-Facheuses-350x264.png 350w, https:\/\/mslv.org\/wp-content\/uploads\/2023\/07\/Les-Facheuses-480x362.png 480w\" sizes=\"auto, (max-width: 824px) 100vw, 824px\" \/><\/figure>\n\n\n\n<h6 class=\"wp-block-heading\"><strong>Samedi 15 juillet \u00e0 17h<\/strong>, <strong>\u00e8glise Saint L\u00e9ger Vauban<\/strong><\/h6>\n\n\n\n<p>Le Retour, pi\u00e8ce \u00e0 2 violes \u00e9gales de Jean de Sainte-Colombe.<\/p>\n\n\n\n<p>Extrait des sonates pour viole de gambe et clavecin oblig\u00e9 de J-S Bach&nbsp;<\/p>\n\n\n\n<p>2 mouvements de sonate pour viole de gambe seule de Karl Friedrich Abel<\/p>\n\n\n\n<p>Sonate en 3 mouvements de Christoph Schaffrath<\/p>\n\n\n\n<p>La Plainte, de Bruno Giner<\/p>\n\n\n\n<p>Le Dodo ou l\u2019amour au berceau arrang\u00e9 pour 2 violes de gambe de Fran\u00e7ois Couperin<\/p>\n\n\n\n<p>Les Regrets, Jean de Sainte-Colombe<\/p>\n\n\n\n<p>Hypnos, de Philippe Hersant<\/p>\n\n\n\n<h4 class=\"wp-block-heading\">Claudio Chiarella de Rayssac, violon.<\/h4>\n\n\n\n<h6 class=\"wp-block-heading\"><strong>Dimanche 16 juillet \u00e0 16h<\/strong>, <strong>\u00e8glise Saint L\u00e9ger Vauban<\/strong><\/h6>\n\n\n\n<p>Allemande et Gigue de la partita n\u00b02 en r\u00e9 mineur, BWV 1004 de Jean-S\u00e9bastian Bach<br><br>Ave Maria de Franz Schubert<br><br>M\u00e9ditation de Tha\u00efs de Jules Massenet (1842-1912)<br><br>Sonate pour violon et basse continue, BWV 1023 (Pr\u00e9lude et Adagio, Allemande, Gigue) de Jean-S\u00e9bastian Bach<\/p>\n\n\n\n<p>Sonate pour violon et basse continue, BWV 1021 (Adagio, Vivace, Largo, Presto) de Jean-S\u00e9bastian Bach<\/p>\n\n\n\n<h4 class=\"wp-block-heading\">Pascal Ianco, orgue.<\/h4>\n\n\n\n<figure class=\"wp-block-image size-full\"><img loading=\"lazy\" decoding=\"async\" width=\"536\" height=\"302\" src=\"https:\/\/mslv.org\/wp-content\/uploads\/2023\/07\/imagen.png\" alt=\"\" class=\"wp-image-642\" srcset=\"https:\/\/mslv.org\/wp-content\/uploads\/2023\/07\/imagen.png 536w, https:\/\/mslv.org\/wp-content\/uploads\/2023\/07\/imagen-300x169.png 300w, https:\/\/mslv.org\/wp-content\/uploads\/2023\/07\/imagen-230x130.png 230w, https:\/\/mslv.org\/wp-content\/uploads\/2023\/07\/imagen-350x197.png 350w, https:\/\/mslv.org\/wp-content\/uploads\/2023\/07\/imagen-480x270.png 480w\" sizes=\"auto, (max-width: 536px) 100vw, 536px\" \/><\/figure>\n\n\n\n<h6 class=\"wp-block-heading\"><strong>Samedi 22 juillet \u00e0 16h30<\/strong>, <strong>abbaye de la Pierre-qui-Vire,<\/strong><\/h6>\n\n\n\n<p>Jean-S\u00e9bastien BACH (1685-1750)<\/p>\n\n\n\n<p>Pr\u00e9lude et fugue en do mineur, BWV 546<\/p>\n\n\n\n<p>Heinrich Scheidemann<\/p>\n\n\n\n<p>(1596-1663)<\/p>\n\n\n\n<p>Magnificat du VIe ton<\/p>\n\n\n\n<p>Louis Marchand (1669-1732)<\/p>\n\n\n\n<p>Grand Dialogue en ut<\/p>\n\n\n\n<p>Jean-S\u00e9bastien Bach<\/p>\n\n\n\n<p>4 Chorals<\/p>\n\n\n\n<p>Allein Gott in der H\u00f6h sei Ehr, BWV 676<\/p>\n\n\n\n<p>Wir glauben all an einen Gott, BWV 680<\/p>\n\n\n\n<p>Christ, unser Herr, zum Jordan kam, BWV 684<\/p>\n\n\n\n<p>Vater unser in Himmelreich, BWV 682<\/p>\n\n\n\n<p>Passacaille et th\u00e8me fugu\u00e9 en do mineur, BWV 582<\/p>\n\n\n\n<h4 class=\"wp-block-heading\">Joseph et Thaddeus Andr\u00e9, violon, violoncelle.<\/h4>\n\n\n\n<figure class=\"wp-block-gallery has-nested-images columns-default is-cropped wp-block-gallery-1 is-layout-flex wp-block-gallery-is-layout-flex\">\n<figure class=\"wp-block-image size-large\"><img loading=\"lazy\" decoding=\"async\" width=\"605\" height=\"762\" data-id=\"657\" src=\"https:\/\/mslv.org\/wp-content\/uploads\/2023\/07\/Joseph.jpg\" alt=\"\" class=\"wp-image-657\" srcset=\"https:\/\/mslv.org\/wp-content\/uploads\/2023\/07\/Joseph.jpg 605w, https:\/\/mslv.org\/wp-content\/uploads\/2023\/07\/Joseph-238x300.jpg 238w, https:\/\/mslv.org\/wp-content\/uploads\/2023\/07\/Joseph-230x290.jpg 230w, https:\/\/mslv.org\/wp-content\/uploads\/2023\/07\/Joseph-350x441.jpg 350w, https:\/\/mslv.org\/wp-content\/uploads\/2023\/07\/Joseph-480x605.jpg 480w\" sizes=\"auto, (max-width: 605px) 100vw, 605px\" \/><\/figure>\n\n\n\n<figure class=\"wp-block-image size-large\"><img loading=\"lazy\" decoding=\"async\" width=\"470\" height=\"546\" data-id=\"645\" src=\"https:\/\/mslv.org\/wp-content\/uploads\/2023\/07\/imagen-1.png\" alt=\"\" class=\"wp-image-645\" srcset=\"https:\/\/mslv.org\/wp-content\/uploads\/2023\/07\/imagen-1.png 470w, https:\/\/mslv.org\/wp-content\/uploads\/2023\/07\/imagen-1-258x300.png 258w, https:\/\/mslv.org\/wp-content\/uploads\/2023\/07\/imagen-1-230x267.png 230w, https:\/\/mslv.org\/wp-content\/uploads\/2023\/07\/imagen-1-350x407.png 350w\" sizes=\"auto, (max-width: 470px) 100vw, 470px\" \/><\/figure>\n<\/figure>\n\n\n\n<h6 class=\"wp-block-heading\"><strong>Dimanche 23 juillet \u00e0 15h30<\/strong>, <strong>\u00e8glise Saint L\u00e9ger Vauban<\/strong><\/h6>\n\n\n\n<p>\u0152uvres de J-S. Bach et Maurice Ravel<\/p>\n","protected":false},"excerpt":{"rendered":"<p>Les concerts de 2021, \u00ab\u00a0Echapp\u00e9es musicales dans l\u2019Yonne\u00a0\u00bb \u00c9GLISE DE QUARR\u00c9-LES-TOMBES, 16 juillet 2021 &#8211; 18h. Quatuor Yako, r\u00e9sident de ProQuartet-CEMC. \u0152uvres [&hellip;]<\/p>\n","protected":false},"author":1,"featured_media":0,"parent":0,"menu_order":0,"comment_status":"closed","ping_status":"closed","template":"","meta":{"footnotes":""},"class_list":["post-341","page","type-page","status-publish","hentry"],"_links":{"self":[{"href":"https:\/\/mslv.org\/index.php\/wp-json\/wp\/v2\/pages\/341","targetHints":{"allow":["GET"]}}],"collection":[{"href":"https:\/\/mslv.org\/index.php\/wp-json\/wp\/v2\/pages"}],"about":[{"href":"https:\/\/mslv.org\/index.php\/wp-json\/wp\/v2\/types\/page"}],"author":[{"embeddable":true,"href":"https:\/\/mslv.org\/index.php\/wp-json\/wp\/v2\/users\/1"}],"replies":[{"embeddable":true,"href":"https:\/\/mslv.org\/index.php\/wp-json\/wp\/v2\/comments?post=341"}],"version-history":[{"count":15,"href":"https:\/\/mslv.org\/index.php\/wp-json\/wp\/v2\/pages\/341\/revisions"}],"predecessor-version":[{"id":723,"href":"https:\/\/mslv.org\/index.php\/wp-json\/wp\/v2\/pages\/341\/revisions\/723"}],"wp:attachment":[{"href":"https:\/\/mslv.org\/index.php\/wp-json\/wp\/v2\/media?parent=341"}],"curies":[{"name":"wp","href":"https:\/\/api.w.org\/{rel}","templated":true}]}}